, what is -1 + -11102211220?
-11102211221
In base 14, what is 410a - 4?
4106
In base 7, what is -230 - -32515?
32255
In base 14, what is -2c191 + 7?
-2c188
In base 5, what is 0 - 344210?
-344210
In base 11, what is -4818 + -40?
-4858
In base 5, what is 2431011 + -10?
2431001
In base 14, what is 5 - -1b7a0?
1b7a5
In base 5, what is 212 - -1024?
1241
In base 6, what is 14 + -1135?
-1121
In base 3, what is 11 - 220121002?
-220120221
In base 3, what is -12122102101 - -2?
-12122102022
In base 8, what is 13555 - -136?
13713
In base 16, what is 13 + 2af?
2c2
In base 15, what is a144 + 21?
a165
In base 11, what is 13a - 457?
-318
In base 16, what is -25 - 359?
-37e
In base 14, what is -15d48 - -3?
-15d45
In base 14, what is 31 + -1176?
-1145
In base 5, what is -42 + 113032?
112440
In base 10, what is -709 - -48?
-661
In base 7, what is -20 + -2015?
-2035
In base 16, what is 1e + -2de?
-2c0
In base 10, what is -829 + -4409?
-5238
In base 5, what is -110 - 21200?
-21310
In base 3, what is 201222020211 - -10?
201222020221
In base 10, what is -335199 - -5?
-335194
In base 9, what is -3 - -1461244?
1461241
In base 15, what is -5c1 + -b?
-5cc
In base 14, what is -2023bd - -3?
-2023ba
In base 4, what is -113230 + -2?
-113232
In base 14, what is -d + -12dbb?
-12dca
In base 13, what is -1 - -19293?
19292
In base 5, what is -4131333 + 0?
-4131333
In base 15, what is 1a85 + -28?
1a5c
In base 8, what is 2125472 + -3?
2125467
In base 14, what is 1529b7 + 5?
1529bc
In base 2, what is -1101111101010101011 + 100?
-1101111101010100111
In base 6, what is 3 + 20511?
20514
In base 6, what is -33553 + 2?
-33551
In base 3, what is 1001211 + -2010?
222201
In base 16, what is 10 - 103?
-f3
In base 10, what is 45 - 1747?
-1702
In base 4, what is -32002021 + -1?
-32002022
In base 15, what is -659 - e?
-668
In base 5, what is -2140222 + -1?
-2140223
In base 11, what is 2577a76 - 0?
2577a76
In base 5, what is 1110222144 - 0?
1110222144
In base 11, what is 140 + 394?
524
In base 2, what is 10111000000 - -1011111?
11000011111
In base 6, what is -2440 - 133?
-3013
In base 10, what is 3554869 + -1?
3554868
In base 15, what is 3562 + 2?
3564
In base 2, what is -1000010111011100101 + -100?
-1000010111011101001
In base 14, what is -4d48 - 2a?
-4d74
In base 4, what is 101320 + 113?
102033
In base 15, what is 2b1d77 + 5?
2b1d7c
In base 6, what is 1305 - -1012?
2321
In base 14, what is 3417a - -4?
34180
In base 8, what is -21 + -1712?
-1733
In base 16, what is 15106 - 4?
15102
In base 11, what is -14952 - -15?
-14938
In base 12, what is 564 + -1?
563
In base 15, what is 569 + 38?
5a2
In base 14, what is -915d - -7?
-9156
In base 5, what is -140114203 - -2?
-140114201
In base 4, what is 10 - -2302300?
2302310
In base 13, what is -54 - -a724?
a6a0
In base 15, what is -733 - -c?
-726
In base 2, what is -101000010 + 11101?
-100100101
In base 6, what is 4 - -244045?
244053
In base 10, what is 7 + 1062?
1069
In base 10, what is 26 - -16802?
16828
In base 4, what is -31 + 3200020?
3133323
In base 2, what is 111010011000 + 10000?
111010101000
In base 3, what is -20 + 2001001?
2000211
In base 10, what is 863 + 204?
1067
In base 13, what is 2008b4 + 0?
2008b4
In base 13, what is -8 + -4c4a?
-4c55
In base 11, what is 400 + -101?
2aa
In base 16, what is 26 - 15a0?
-157a
In base 7, what is 1236042 - -23?
1236065
In base 2, what is 10000000001 + 1101?
10000001110
In base 13, what is 5 - -480?
485
In base 11, what is 1a - 12587?
-12568
In base 15, what is 27a70 + -4?
27a6b
In base 14, what is -5 - -cca3a?
cca35
In base 5, what is -1244300 - 0?
-1244300
In base 11, what is -61610 - -6?
-61605
In base 14, what is d - 1552?
-1543
In base 16, what is 374bb - -4?
374bf
In base 3, what is -12112121 + 10?
-12112111
In base 12, what is -491a - 6?
-4924
In base 14, what is b2 - 878?
-7a6
In base 4, what is 3213033 + 0?
3213033
In base 14, what is 2b304 + 5?
2b309
In base 14, what is 7 + 4035?
403c
In base 3, what is -1220221001210 - -10?
-1220221001200
In base 12, what is 21 + 658?
679
In base 7, what is -1425 - -6?
-1416
In base 9, what is -543286 + 4?
-543282
In base 14, what is 6b2 - -7a?
74c
In base 8, what is 616 + 162?
1000
In base 16, what is -2 + 637b?
6379
In base 7, what is -20201016 - -1?
-20201015
In base 13, what is 9b436 - 6?
9b430
In base 9, what is 14445 - -51?
14506
In base 11, what is -885 + a?
-876
In base 14, what is -527 - 1d?
-546
In base 15, what is 1a2 - -2907?
2aa9
In base 11, what is 0 + -89493?
-89493
In base 15, what is 4 + -28cb?
-28c7
In base 16, what is 2eb + -2f?
2bc
In base 10, what is -7 - 706?
-713
In base 2, what is -111100111100010000111 + 100?
-111100111100010000011
In base 3, what is -1002 - -121221?
120212
In base 11, what is 6 - -506?
511
In base 13, what is -149 + 37b?
232
In base 15, what is -a15 + -1c?
-a32
In base 13, what is -29 - -2ca9?
2c80
In base 5, what is -1034 - 10?
-1044
In base 3, what is -210 - -2100001?
2022021
In base 6, what is 33 + 14212?
14245
In base 12, what is 4 - -22808?
22810
In base 12, what is bab1 - 4?
baa9
In base 8, what is 13047 - -26?
13075
In base 2, what is 101 + -10101110010100111100?
-10101110010100110111
In base 6, what is 1311 - 321?
550
In base 4, what is 3 + -21002011?
-21002002
In base 16, what is -69e890 - -3?
-69e88d
In base 10, what is -330 - 40?
-370
In base 7, what is -4054514 + 5?
-4054506
In base 5, what is 320 - 422012?
-421142
In base 14, what is 6 - -3a46?
3a4c
In base 14, what is -5 + b354?
b34d
In base 16, what is 2d69 - 92?
2cd7
In base 15, what is 7640 + -c?
7633
In base 3, what is -222021021121 + -20?
-222021021211
In base 2, what is -1011011010010 + 1000011?
-1011010001111
In base 15, what is 5 + 762e?
7634
In base 11, what is -22 - 48364?
-48386
In base 14, what is -1d - 3c7?
-406
In base 2, what is -1100000000111 + 0?
-1100000000111
In base 10, what is -8 - -150124?
150116
In base 6, what is -11 - 102241?
-102252
In base 11, what is 154585 - -4?
154589
In base 13, what is 14 + 131?
145
In base 12, what is -3a54a48 - -1?
-3a54a47
In base 3, what is -102 + -2201201?
-2202010
In base 13, what is -192763 + 5?
-19275b
In base 9, what is -2 - 310244?
-310246
In base 12, what is 6b9 - 2?
6b7
In base 7, what is 13 + 101313?
101326
In base 8, what is 252 - 655?
-403
In base 10, what is 14108 + -65?
14043
In base 16, what is -35a + -19?
-373
In base 15, what is -3 + -607c?
-6080
In base 3, what is 2 + -100212121100?
-100212121021
In base 14, what is 28 + 4a4d?
4a77
In base 5, what is 11323 + 242?
12120
In base 15, what is -d98 + 2?
-d96
In base 16, what is -f5 - 134f?
-1444
In base 7, what is 64424 - -65?
64522
In base 12, what is 151ab2 - 3?
151aab
In base 5, what is -21 - -22331?
22310
In base 11, what is 3 - -2952?
2955
In base 12, what is 5998 + -4?
5994
In base 6, what is -2044 - -351?
-1253
In base 2, what is -10101100001 - -101110010?
-1111101111
In base 14, what is -37c + 15?
-367
In base 4, what is -11 - 232313323?
-232320000
In base 3, what is 211 + -2021220?
-2021002
In base 10, what is -40517 + 94?
-40423
In base 4, what is 200 - 3113033?
-3112233
In base 15, what is a6221 + -3?
a621d
In base 7, what is 1112416 - 2?
1112414
In base 2, what is -100100 + 111011000100111?
111011000000011
In base 7, what is -261 + -301?
-562
In base 9, what is 1040 + -348?
581
In base 7, what is -156342 - -3?
-156336
In base 12, what is 9 - -6549b?
654a8
In base 13, what is -b - -ac06?
abc8
In base 10, what is 1 - 393?
-392
In base 3, what is -2 + -1012202012021?
-1012202012100
In base 10, what is 1 + -489895?
-489894
In base 6, what is 1 + 1132344?
1132345
In base 12, what is 2 - 342031?
-34202b
In base 9, what is -1263 + 10?
-1253
In base 16, what is -4 - 1044de?
-1044e2
In base 13, what is 26065 + 0?
26065
In base 11, what is -5a0354 + -3?
-5a0357
In base 7, what is 0 + -414456?
-414456
In base 4, what is 222 + 10033201?
10100023
In base 4, what is 111 + -232002?
-231231
In base 9, what is -5 + 380335?
380330
In base 6, what is -2133000 - -10?
-2132550
In base 12, what is 1 - -a6237?
a6238
In base 3, what is 21 - 2110022?
-2110001
In base 6, what is 24 + -12434?
-12410
In base 15, what is 4 - -15d809?
15d80d
In base 15, what is 1225 - 59?
11bb
In base 7, what is 1161143 - 111?
1161032
In base 15, what is -2a02 - -15?
-29dc
I